{"id":21,"date":"2017-06-19T05:41:37","date_gmt":"2017-06-19T05:41:37","guid":{"rendered":"http:\/\/ednapregoconsultoriarh.com.br\/?page_id=21"},"modified":"2025-08-11T19:32:03","modified_gmt":"2025-08-11T19:32:03","slug":"home","status":"publish","type":"page","link":"https:\/\/ednapregoconsultoriarh.com.br\/","title":{"rendered":"Home"},"content":{"rendered":"\t\t<div data-elementor-type=\"wp-post\" data-elementor-id=\"21\" class=\"elementor elementor-21\">\n\t\t\t\t\t\t<section class=\"elementor-section elementor-top-section elementor-element elementor-element-1911ea8 elementor-section-full_width elementor-section-height-default elementor-section-height-default\" data-id=\"1911ea8\" data-element_type=\"section\" data-settings=\"{&quot;background_background&quot;:&quot;classic&quot;}\">\n\t\t\t\t\t\t\t<div class=\"elementor-background-overlay\"><\/div>\n\t\t\t\t\t\t\t<div class=\"elementor-container elementor-column-gap-default\">\n\t\t\t\t\t<div class=\"elementor-column elementor-col-100 elementor-top-column elementor-element elementor-element-3aa92b9\" data-id=\"3aa92b9\" data-element_type=\"column\">\n\t\t\t<div class=\"elementor-widget-wrap\">\n\t\t\t\t\t\t\t<\/div>\n\t\t<\/div>\n\t\t\t\t\t<\/div>\n\t\t<\/section>\n\t\t\t\t<section class=\"elementor-section elementor-top-section elementor-element elementor-element-589ca72 elementor-section-boxed elementor-section-height-default elementor-section-height-default\" data-id=\"589ca72\" data-element_type=\"section\">\n\t\t\t\t\t\t<div class=\"elementor-container elementor-column-gap-default\">\n\t\t\t\t\t<div class=\"elementor-column elementor-col-100 elementor-top-column elementor-element elementor-element-2fba8c0\" data-id=\"2fba8c0\" data-element_type=\"column\">\n\t\t\t<div class=\"elementor-widget-wrap elementor-element-populated\">\n\t\t\t\t\t\t<div class=\"elementor-element elementor-element-9e0f3cc elementor-widget elementor-widget-spacer\" data-id=\"9e0f3cc\" data-element_type=\"widget\" data-widget_type=\"spacer.default\">\n\t\t\t\t<div class=\"elementor-widget-container\">\n\t\t\t\t\t<div class=\"elementor-spacer\">\n\t\t\t<div class=\"elementor-spacer-inner\"><\/div>\n\t\t<\/div>\n\t\t\t\t<\/div>\n\t\t\t\t<\/div>\n\t\t\t\t\t<\/div>\n\t\t<\/div>\n\t\t\t\t\t<\/div>\n\t\t<\/section>\n\t\t\t\t<section class=\"elementor-section elementor-top-section elementor-element elementor-element-899b013 elementor-section-boxed elementor-section-height-default elementor-section-height-default\" data-id=\"899b013\" data-element_type=\"section\">\n\t\t\t\t\t\t<div class=\"elementor-container elementor-column-gap-default\">\n\t\t\t\t\t<div class=\"elementor-column elementor-col-100 elementor-top-column elementor-element elementor-element-ed6cc73\" data-id=\"ed6cc73\" data-element_type=\"column\">\n\t\t\t<div class=\"elementor-widget-wrap elementor-element-populated\">\n\t\t\t\t\t\t<div class=\"elementor-element elementor-element-bb9bcc4 elementor-widget elementor-widget-heading\" data-id=\"bb9bcc4\" data-element_type=\"widget\" data-widget_type=\"heading.default\">\n\t\t\t\t<div class=\"elementor-widget-container\">\n\t\t\t<h3 class=\"elementor-heading-title elementor-size-default\">Tipos de atendimento<\/h3>\t\t<\/div>\n\t\t\t\t<\/div>\n\t\t\t\t\t<\/div>\n\t\t<\/div>\n\t\t\t\t\t<\/div>\n\t\t<\/section>\n\t\t\t\t<section class=\"elementor-section elementor-top-section elementor-element elementor-element-2e6fb3c elementor-section-boxed elementor-section-height-default elementor-section-height-default\" data-id=\"2e6fb3c\" data-element_type=\"section\">\n\t\t\t\t\t\t<div class=\"elementor-container elementor-column-gap-default\">\n\t\t\t\t\t<div class=\"elementor-column elementor-col-100 elementor-top-column elementor-element elementor-element-d8701ee\" data-id=\"d8701ee\" data-element_type=\"column\">\n\t\t\t<div class=\"elementor-widget-wrap elementor-element-populated\">\n\t\t\t\t\t\t<div class=\"elementor-element elementor-element-2e322e0 elementor-position-left elementor-position-left elementor-vertical-align-top elementor-widget elementor-widget-image-box\" data-id=\"2e322e0\" data-element_type=\"widget\" data-widget_type=\"image-box.default\">\n\t\t\t\t<div class=\"elementor-widget-container\">\n\t\t\t<div class=\"elementor-image-box-wrapper\"><figure class=\"elementor-image-box-img\"><img decoding=\"async\" width=\"150\" height=\"150\" src=\"https:\/\/ednapregoconsultoriarh.com.br\/wp-content\/uploads\/2024\/11\/individual-icone2-150x150.png\" class=\"attachment-thumbnail size-thumbnail wp-image-1825\" alt=\"\" srcset=\"https:\/\/ednapregoconsultoriarh.com.br\/wp-content\/uploads\/2024\/11\/individual-icone2-150x150.png 150w, https:\/\/ednapregoconsultoriarh.com.br\/wp-content\/uploads\/2024\/11\/individual-icone2.png 200w\" sizes=\"(max-width: 150px) 100vw, 150px\" \/><\/figure><div class=\"elementor-image-box-content\"><h3 class=\"elementor-image-box-title\">Psicoterapia <\/h3><p class=\"elementor-image-box-description\">Atendimento individual - presencial ou on-line. \u00c9 um lugar seguro, sigiloso, de acolhimento e intera\u00e7\u00e3o e movimento que possibilita atrav\u00e9s da fala e da escuta o autoconhecimento como ferramenta fundamental para o desenvolvimento de compet\u00eancias pessoais e sociais.\n\n\n\n<\/p><\/div><\/div>\t\t<\/div>\n\t\t\t\t<\/div>\n\t\t\t\t\t<\/div>\n\t\t<\/div>\n\t\t\t\t\t<\/div>\n\t\t<\/section>\n\t\t\t\t<section class=\"elementor-section elementor-top-section elementor-element elementor-element-3ba488c elementor-section-boxed elementor-section-height-default elementor-section-height-default\" data-id=\"3ba488c\" data-element_type=\"section\">\n\t\t\t\t\t\t<div class=\"elementor-container elementor-column-gap-default\">\n\t\t\t\t\t<div class=\"elementor-column elementor-col-100 elementor-top-column elementor-element elementor-element-7570a46\" data-id=\"7570a46\" data-element_type=\"column\">\n\t\t\t<div class=\"elementor-widget-wrap elementor-element-populated\">\n\t\t\t\t\t\t<div class=\"elementor-element elementor-element-96f021b elementor-position-left elementor-vertical-align-top elementor-widget elementor-widget-image-box\" data-id=\"96f021b\" data-element_type=\"widget\" data-widget_type=\"image-box.default\">\n\t\t\t\t<div class=\"elementor-widget-container\">\n\t\t\t<div class=\"elementor-image-box-wrapper\"><figure class=\"elementor-image-box-img\"><img decoding=\"async\" width=\"150\" height=\"150\" src=\"https:\/\/ednapregoconsultoriarh.com.br\/wp-content\/uploads\/2025\/08\/Edna-Prego-1-150x150.png\" class=\"attachment-thumbnail size-thumbnail wp-image-2043\" alt=\"\" srcset=\"https:\/\/ednapregoconsultoriarh.com.br\/wp-content\/uploads\/2025\/08\/Edna-Prego-1-150x150.png 150w, https:\/\/ednapregoconsultoriarh.com.br\/wp-content\/uploads\/2025\/08\/Edna-Prego-1.png 200w\" sizes=\"(max-width: 150px) 100vw, 150px\" \/><\/figure><div class=\"elementor-image-box-content\"><h3 class=\"elementor-image-box-title\">Avalia\u00e7\u00e3o neuropsicol\u00f3gica<\/h3><p class=\"elementor-image-box-description\">A Avalia\u00e7\u00e3o Neuropsicol\u00f3gica \u00e9 um processo cl\u00ednico que investiga como o funcionamento do c\u00e9rebro est\u00e1 relacionado ao comportamento, \u00e0s emo\u00e7\u00f5es, \u00e0 aprendizagem e \u00e0s fun\u00e7\u00f5es cognitivas (aten\u00e7\u00e3o, mem\u00f3ria, linguagem, racioc\u00ednio, entre outras), do(a) paciente, a fim de compreender poss\u00edveis altera\u00e7\u00f5es ou dificuldades que estejam impactando sua vida acad\u00eamica, profissional, social ou pessoal.<\/p><\/div><\/div>\t\t<\/div>\n\t\t\t\t<\/div>\n\t\t\t\t\t<\/div>\n\t\t<\/div>\n\t\t\t\t\t<\/div>\n\t\t<\/section>\n\t\t\t\t<section class=\"elementor-section elementor-top-section elementor-element elementor-element-d685282 elementor-section-boxed elementor-section-height-default elementor-section-height-default\" data-id=\"d685282\" data-element_type=\"section\">\n\t\t\t\t\t\t<div class=\"elementor-container elementor-column-gap-default\">\n\t\t\t\t\t<div class=\"elementor-column elementor-col-100 elementor-top-column elementor-element elementor-element-b446e8f\" data-id=\"b446e8f\" data-element_type=\"column\">\n\t\t\t<div class=\"elementor-widget-wrap elementor-element-populated\">\n\t\t\t\t\t\t<div class=\"elementor-element elementor-element-b839a55 elementor-position-left elementor-vertical-align-top elementor-widget elementor-widget-image-box\" data-id=\"b839a55\" data-element_type=\"widget\" data-widget_type=\"image-box.default\">\n\t\t\t\t<div class=\"elementor-widget-container\">\n\t\t\t<div class=\"elementor-image-box-wrapper\"><figure class=\"elementor-image-box-img\"><img decoding=\"async\" width=\"150\" height=\"150\" src=\"https:\/\/ednapregoconsultoriarh.com.br\/wp-content\/uploads\/2024\/11\/prancheta-icone2-150x150.png\" class=\"attachment-thumbnail size-thumbnail wp-image-1826\" alt=\"\" srcset=\"https:\/\/ednapregoconsultoriarh.com.br\/wp-content\/uploads\/2024\/11\/prancheta-icone2-150x150.png 150w, https:\/\/ednapregoconsultoriarh.com.br\/wp-content\/uploads\/2024\/11\/prancheta-icone2.png 200w\" sizes=\"(max-width: 150px) 100vw, 150px\" \/><\/figure><div class=\"elementor-image-box-content\"><h3 class=\"elementor-image-box-title\">Avalia\u00e7\u00e3o psicol\u00f3gica<\/h3><p class=\"elementor-image-box-description\">Recomendada para avaliar o estado mental dos pacientes e identificar poss\u00edveis dist\u00farbios psicol\u00f3gicos. \n\u00c9 o procedimento indicado para a elabora\u00e7\u00e3o de laudos que precisam ser apresentados em concursos ou para a realiza\u00e7\u00e3o de determinados procedimentos cir\u00fargicos. Tamb\u00e9m \u00e9 \u00fatil para estudantes que buscam realizar testes de orienta\u00e7\u00e3o vocacional.<\/p><\/div><\/div>\t\t<\/div>\n\t\t\t\t<\/div>\n\t\t\t\t\t<\/div>\n\t\t<\/div>\n\t\t\t\t\t<\/div>\n\t\t<\/section>\n\t\t\t\t<section class=\"elementor-section elementor-top-section elementor-element elementor-element-646d3ca elementor-section-boxed elementor-section-height-default elementor-section-height-default\" data-id=\"646d3ca\" data-element_type=\"section\">\n\t\t\t\t\t\t<div class=\"elementor-container elementor-column-gap-default\">\n\t\t\t\t\t<div class=\"elementor-column elementor-col-100 elementor-top-column elementor-element elementor-element-ca9e712\" data-id=\"ca9e712\" data-element_type=\"column\">\n\t\t\t<div class=\"elementor-widget-wrap elementor-element-populated\">\n\t\t\t\t\t\t<div class=\"elementor-element elementor-element-959c16c elementor-widget elementor-widget-spacer\" data-id=\"959c16c\" data-element_type=\"widget\" data-widget_type=\"spacer.default\">\n\t\t\t\t<div class=\"elementor-widget-container\">\n\t\t\t\t\t<div class=\"elementor-spacer\">\n\t\t\t<div class=\"elementor-spacer-inner\"><\/div>\n\t\t<\/div>\n\t\t\t\t<\/div>\n\t\t\t\t<\/div>\n\t\t\t\t\t<\/div>\n\t\t<\/div>\n\t\t\t\t\t<\/div>\n\t\t<\/section>\n\t\t\t\t<section class=\"elementor-section elementor-top-section elementor-element elementor-element-f96e90e elementor-section-boxed elementor-section-height-default elementor-section-height-default\" data-id=\"f96e90e\" data-element_type=\"section\" data-settings=\"{&quot;background_background&quot;:&quot;classic&quot;}\">\n\t\t\t\t\t\t<div class=\"elementor-container elementor-column-gap-default\">\n\t\t\t\t\t<div class=\"elementor-column elementor-col-50 elementor-top-column elementor-element elementor-element-77e76a2\" data-id=\"77e76a2\" data-element_type=\"column\">\n\t\t\t<div class=\"elementor-widget-wrap elementor-element-populated\">\n\t\t\t\t\t\t<div class=\"elementor-element elementor-element-4a5fd51 elementor-widget elementor-widget-image\" data-id=\"4a5fd51\" data-element_type=\"widget\" data-widget_type=\"image.default\">\n\t\t\t\t<div class=\"elementor-widget-container\">\n\t\t\t\t\t\t\t\t\t\t\t\t\t<img loading=\"lazy\" decoding=\"async\" width=\"500\" height=\"500\" src=\"https:\/\/ednapregoconsultoriarh.com.br\/wp-content\/uploads\/2024\/11\/edna-home.png\" class=\"attachment-full size-full wp-image-1652\" alt=\"\" srcset=\"https:\/\/ednapregoconsultoriarh.com.br\/wp-content\/uploads\/2024\/11\/edna-home.png 500w, https:\/\/ednapregoconsultoriarh.com.br\/wp-content\/uploads\/2024\/11\/edna-home-300x300.png 300w, https:\/\/ednapregoconsultoriarh.com.br\/wp-content\/uploads\/2024\/11\/edna-home-150x150.png 150w\" sizes=\"(max-width: 500px) 100vw, 500px\" \/>\t\t\t\t\t\t\t\t\t\t\t\t\t<\/div>\n\t\t\t\t<\/div>\n\t\t\t\t\t<\/div>\n\t\t<\/div>\n\t\t\t\t<div class=\"elementor-column elementor-col-50 elementor-top-column elementor-element elementor-element-e4e61db\" data-id=\"e4e61db\" data-element_type=\"column\">\n\t\t\t<div class=\"elementor-widget-wrap elementor-element-populated\">\n\t\t\t\t\t\t<div class=\"elementor-element elementor-element-25a148f elementor-widget elementor-widget-spacer\" data-id=\"25a148f\" data-element_type=\"widget\" data-widget_type=\"spacer.default\">\n\t\t\t\t<div class=\"elementor-widget-container\">\n\t\t\t\t\t<div class=\"elementor-spacer\">\n\t\t\t<div class=\"elementor-spacer-inner\"><\/div>\n\t\t<\/div>\n\t\t\t\t<\/div>\n\t\t\t\t<\/div>\n\t\t\t\t<div class=\"elementor-element elementor-element-20a9c46 elementor-widget elementor-widget-heading\" data-id=\"20a9c46\" data-element_type=\"widget\" data-widget_type=\"heading.default\">\n\t\t\t\t<div class=\"elementor-widget-container\">\n\t\t\t<h2 class=\"elementor-heading-title elementor-size-default\">Nossa Psic\u00f3loga<\/h2>\t\t<\/div>\n\t\t\t\t<\/div>\n\t\t\t\t<div class=\"elementor-element elementor-element-67ff7b2 elementor-widget elementor-widget-text-editor\" data-id=\"67ff7b2\" data-element_type=\"widget\" data-widget_type=\"text-editor.default\">\n\t\t\t\t<div class=\"elementor-widget-container\">\n\t\t\t\t\t\t\t<h5><span style=\"color: #ffffff;\">Ol\u00e1 Sou <b>Edna Prego<\/b>, psic\u00f3loga cl\u00ednica e neuropsic\u00f3loga CRP 09\/2829, e acredito profundamente no poder do autoconhecimento e da transforma\u00e7\u00e3o. Para mim, a psicoterapia \u00e9 mais do que um processo t\u00e9cnico, \u00e9 um espa\u00e7o de escuta, acolhimento e conex\u00e3o genu\u00edna. Cada indiv\u00edduo tem sua hist\u00f3ria, suas dores, seus desafios, e estou aqui para caminhar com voc\u00ea na busca por mais compreens\u00e3o e equil\u00edbrio.<\/span><\/h5>\t\t\t\t\t\t<\/div>\n\t\t\t\t<\/div>\n\t\t\t\t\t<\/div>\n\t\t<\/div>\n\t\t\t\t\t<\/div>\n\t\t<\/section>\n\t\t\t\t<section class=\"elementor-section elementor-top-section elementor-element elementor-element-98619f4 elementor-section-boxed elementor-section-height-default elementor-section-height-default\" data-id=\"98619f4\" data-element_type=\"section\">\n\t\t\t\t\t\t<div class=\"elementor-container elementor-column-gap-default\">\n\t\t\t\t\t<div class=\"elementor-column elementor-col-100 elementor-top-column elementor-element elementor-element-9193005\" data-id=\"9193005\" data-element_type=\"column\">\n\t\t\t<div class=\"elementor-widget-wrap elementor-element-populated\">\n\t\t\t\t\t\t<div class=\"elementor-element elementor-element-e02b9cf elementor-widget elementor-widget-spacer\" data-id=\"e02b9cf\" data-element_type=\"widget\" data-widget_type=\"spacer.default\">\n\t\t\t\t<div class=\"elementor-widget-container\">\n\t\t\t\t\t<div class=\"elementor-spacer\">\n\t\t\t<div class=\"elementor-spacer-inner\"><\/div>\n\t\t<\/div>\n\t\t\t\t<\/div>\n\t\t\t\t<\/div>\n\t\t\t\t\t<\/div>\n\t\t<\/div>\n\t\t\t\t\t<\/div>\n\t\t<\/section>\n\t\t\t\t<section class=\"elementor-section elementor-top-section elementor-element elementor-element-ab7a613 elementor-section-boxed elementor-section-height-default elementor-section-height-default\" data-id=\"ab7a613\" data-element_type=\"section\">\n\t\t\t\t\t\t<div class=\"elementor-container elementor-column-gap-default\">\n\t\t\t\t\t<div class=\"elementor-column elementor-col-100 elementor-top-column elementor-element elementor-element-7a16a34\" data-id=\"7a16a34\" data-element_type=\"column\">\n\t\t\t<div class=\"elementor-widget-wrap elementor-element-populated\">\n\t\t\t\t\t\t<div class=\"elementor-element elementor-element-3f67050 elementor-widget elementor-widget-heading\" data-id=\"3f67050\" data-element_type=\"widget\" data-widget_type=\"heading.default\">\n\t\t\t\t<div class=\"elementor-widget-container\">\n\t\t\t<h3 class=\"elementor-heading-title elementor-size-default\">Perguntas Frequentes <\/h3>\t\t<\/div>\n\t\t\t\t<\/div>\n\t\t\t\t\t<\/div>\n\t\t<\/div>\n\t\t\t\t\t<\/div>\n\t\t<\/section>\n\t\t\t\t<section class=\"elementor-section elementor-top-section elementor-element elementor-element-f45aabc elementor-section-boxed elementor-section-height-default elementor-section-height-default\" data-id=\"f45aabc\" data-element_type=\"section\">\n\t\t\t\t\t\t<div class=\"elementor-container elementor-column-gap-default\">\n\t\t\t\t\t<div class=\"elementor-column elementor-col-100 elementor-top-column elementor-element elementor-element-dfc704f\" data-id=\"dfc704f\" data-element_type=\"column\">\n\t\t\t<div class=\"elementor-widget-wrap elementor-element-populated\">\n\t\t\t\t\t\t<div class=\"elementor-element elementor-element-5b0938d elementor-widget elementor-widget-toggle\" data-id=\"5b0938d\" data-element_type=\"widget\" data-widget_type=\"toggle.default\">\n\t\t\t\t<div class=\"elementor-widget-container\">\n\t\t\t\t\t<div class=\"elementor-toggle\">\n\t\t\t\t\t\t\t<div class=\"elementor-toggle-item\">\n\t\t\t\t\t<div id=\"elementor-tab-title-9541\" class=\"elementor-tab-title\" data-tab=\"1\" role=\"button\" aria-controls=\"elementor-tab-content-9541\" aria-expanded=\"false\">\n\t\t\t\t\t\t\t\t\t\t\t\t<span class=\"elementor-toggle-icon elementor-toggle-icon-left\" aria-hidden=\"true\">\n\t\t\t\t\t\t\t\t\t\t\t\t\t\t\t<span class=\"elementor-toggle-icon-closed\"><i class=\"fas fa-caret-right\"><\/i><\/span>\n\t\t\t\t\t\t\t\t<span class=\"elementor-toggle-icon-opened\"><i class=\"elementor-toggle-icon-opened fas fa-caret-up\"><\/i><\/span>\n\t\t\t\t\t\t\t\t\t\t\t\t\t<\/span>\n\t\t\t\t\t\t\t\t\t\t\t\t<a class=\"elementor-toggle-title\" tabindex=\"0\">O que acontece na primeira sess\u00e3o de psicoterapia?<\/a>\n\t\t\t\t\t<\/div>\n\n\t\t\t\t\t<div id=\"elementor-tab-content-9541\" class=\"elementor-tab-content elementor-clearfix\" data-tab=\"1\" role=\"region\" aria-labelledby=\"elementor-tab-title-9541\"><p>Na primeira consulta o paciente vai relatar os principais problemas que o est\u00e3o incomodando e o que gostaria de mudar na sua vida. \u00c9 importante que o paciente forne\u00e7a o m\u00e1ximo de detalhes poss\u00edvel sobre essas quest\u00f5es, a fim de permitir que o psic\u00f3logo compreenda integralmente o caso e desenvolva estrat\u00e9gias apropriadas para o tratamento. Al\u00e9m disso, \u00e9 essencial que o paciente se sinta acolhido e \u00e0 vontade para discutir seus problemas. A confian\u00e7a na rela\u00e7\u00e3o dos dois \u00e9 fundamental desde o in\u00edcio do processo terap\u00eautico.<\/p><\/div>\n\t\t\t\t<\/div>\n\t\t\t\t\t\t\t<div class=\"elementor-toggle-item\">\n\t\t\t\t\t<div id=\"elementor-tab-title-9542\" class=\"elementor-tab-title\" data-tab=\"2\" role=\"button\" aria-controls=\"elementor-tab-content-9542\" aria-expanded=\"false\">\n\t\t\t\t\t\t\t\t\t\t\t\t<span class=\"elementor-toggle-icon elementor-toggle-icon-left\" aria-hidden=\"true\">\n\t\t\t\t\t\t\t\t\t\t\t\t\t\t\t<span class=\"elementor-toggle-icon-closed\"><i class=\"fas fa-caret-right\"><\/i><\/span>\n\t\t\t\t\t\t\t\t<span class=\"elementor-toggle-icon-opened\"><i class=\"elementor-toggle-icon-opened fas fa-caret-up\"><\/i><\/span>\n\t\t\t\t\t\t\t\t\t\t\t\t\t<\/span>\n\t\t\t\t\t\t\t\t\t\t\t\t<a class=\"elementor-toggle-title\" tabindex=\"0\">Qual \u00e9 a frequ\u00eancia e a dura\u00e7\u00e3o das consultas?<\/a>\n\t\t\t\t\t<\/div>\n\n\t\t\t\t\t<div id=\"elementor-tab-content-9542\" class=\"elementor-tab-content elementor-clearfix\" data-tab=\"2\" role=\"region\" aria-labelledby=\"elementor-tab-title-9542\"><p>Cada consulta dura 50 minutos. Geralmente as sess\u00f5es acontecem uma vez por semana. No entanto, os pacientes tamb\u00e9m podem optar por fazer duas vezes na semana ou uma vez a cada duas semanas, se preferirem.<\/p><\/div>\n\t\t\t\t<\/div>\n\t\t\t\t\t\t\t<div class=\"elementor-toggle-item\">\n\t\t\t\t\t<div id=\"elementor-tab-title-9543\" class=\"elementor-tab-title\" data-tab=\"3\" role=\"button\" aria-controls=\"elementor-tab-content-9543\" aria-expanded=\"false\">\n\t\t\t\t\t\t\t\t\t\t\t\t<span class=\"elementor-toggle-icon elementor-toggle-icon-left\" aria-hidden=\"true\">\n\t\t\t\t\t\t\t\t\t\t\t\t\t\t\t<span class=\"elementor-toggle-icon-closed\"><i class=\"fas fa-caret-right\"><\/i><\/span>\n\t\t\t\t\t\t\t\t<span class=\"elementor-toggle-icon-opened\"><i class=\"elementor-toggle-icon-opened fas fa-caret-up\"><\/i><\/span>\n\t\t\t\t\t\t\t\t\t\t\t\t\t<\/span>\n\t\t\t\t\t\t\t\t\t\t\t\t<a class=\"elementor-toggle-title\" tabindex=\"0\">Quais problemas podem ser tratados com psicoterapia?<\/a>\n\t\t\t\t\t<\/div>\n\n\t\t\t\t\t<div id=\"elementor-tab-content-9543\" class=\"elementor-tab-content elementor-clearfix\" data-tab=\"3\" role=\"region\" aria-labelledby=\"elementor-tab-title-9543\"><p>Al\u00e9m de depress\u00e3o, ansiedade e estresse (que s\u00e3o as quest\u00f5es mais comuns de aparecerem no consult\u00f3rio), a psicoterapia tamb\u00e9m auxilia indiv\u00edduos com fobias, TDAH, ataque de p\u00e2nico, TOC, falta de habilidades sociais, compuls\u00e3o alimentar, problemas sexuais, baixa autoestima, falta de motiva\u00e7\u00e3o, ins\u00f4nia, problemas amorosos, v\u00edcios, entre v\u00e1rias outras quest\u00f5es.<\/p><\/div>\n\t\t\t\t<\/div>\n\t\t\t\t\t\t\t<div class=\"elementor-toggle-item\">\n\t\t\t\t\t<div id=\"elementor-tab-title-9544\" class=\"elementor-tab-title\" data-tab=\"4\" role=\"button\" aria-controls=\"elementor-tab-content-9544\" aria-expanded=\"false\">\n\t\t\t\t\t\t\t\t\t\t\t\t<span class=\"elementor-toggle-icon elementor-toggle-icon-left\" aria-hidden=\"true\">\n\t\t\t\t\t\t\t\t\t\t\t\t\t\t\t<span class=\"elementor-toggle-icon-closed\"><i class=\"fas fa-caret-right\"><\/i><\/span>\n\t\t\t\t\t\t\t\t<span class=\"elementor-toggle-icon-opened\"><i class=\"elementor-toggle-icon-opened fas fa-caret-up\"><\/i><\/span>\n\t\t\t\t\t\t\t\t\t\t\t\t\t<\/span>\n\t\t\t\t\t\t\t\t\t\t\t\t<a class=\"elementor-toggle-title\" tabindex=\"0\">Como funciona a psicoterapia online?<\/a>\n\t\t\t\t\t<\/div>\n\n\t\t\t\t\t<div id=\"elementor-tab-content-9544\" class=\"elementor-tab-content elementor-clearfix\" data-tab=\"4\" role=\"region\" aria-labelledby=\"elementor-tab-title-9544\"><p>Indiv\u00edduos de todas as localidades do Brasil t\u00eam a possibilidade de realizar consultas na modalidade de psicoterapia online. Ela \u00e9 feita por meio de chamada de v\u00eddeo e pode ocorrer pelo WhatsApp ou pelo Google Meet, de acordo com a prefer\u00eancia do paciente. Recomenda-se que o paciente esteja em um ambiente tranquilo para conversar, sem a presen\u00e7a de outras pessoas ao redor.<\/p><\/div>\n\t\t\t\t<\/div>\n\t\t\t\t\t\t\t<div class=\"elementor-toggle-item\">\n\t\t\t\t\t<div id=\"elementor-tab-title-9545\" class=\"elementor-tab-title\" data-tab=\"5\" role=\"button\" aria-controls=\"elementor-tab-content-9545\" aria-expanded=\"false\">\n\t\t\t\t\t\t\t\t\t\t\t\t<span class=\"elementor-toggle-icon elementor-toggle-icon-left\" aria-hidden=\"true\">\n\t\t\t\t\t\t\t\t\t\t\t\t\t\t\t<span class=\"elementor-toggle-icon-closed\"><i class=\"fas fa-caret-right\"><\/i><\/span>\n\t\t\t\t\t\t\t\t<span class=\"elementor-toggle-icon-opened\"><i class=\"elementor-toggle-icon-opened fas fa-caret-up\"><\/i><\/span>\n\t\t\t\t\t\t\t\t\t\t\t\t\t<\/span>\n\t\t\t\t\t\t\t\t\t\t\t\t<a class=\"elementor-toggle-title\" tabindex=\"0\">Como posso agendar uma consulta?<\/a>\n\t\t\t\t\t<\/div>\n\n\t\t\t\t\t<div id=\"elementor-tab-content-9545\" class=\"elementor-tab-content elementor-clearfix\" data-tab=\"5\" role=\"region\" aria-labelledby=\"elementor-tab-title-9545\"><p>Voc\u00ea pode entrar em contato por telefone ou enviar uma mensagem pelo WhatsApp para o n\u00famero (62)98501-0338. Al\u00e9m disso, aqui no site h\u00e1 um bot\u00e3o chamado &#8220;WHATSAPP&#8221;. Ao clicar nele, ser\u00e1 aberta uma conversa no Whatsapp para facilitar o agendamento da sua consulta.<\/p><\/div>\n\t\t\t\t<\/div>\n\t\t\t\t\t\t\t\t<\/div>\n\t\t\t\t<\/div>\n\t\t\t\t<\/div>\n\t\t\t\t\t<\/div>\n\t\t<\/div>\n\t\t\t\t\t<\/div>\n\t\t<\/section>\n\t\t\t\t<section class=\"elementor-section elementor-top-section elementor-element elementor-element-cb2bf01 elementor-section-boxed elementor-section-height-default elementor-section-height-default\" data-id=\"cb2bf01\" data-element_type=\"section\">\n\t\t\t\t\t\t<div class=\"elementor-container elementor-column-gap-default\">\n\t\t\t\t\t<div class=\"elementor-column elementor-col-100 elementor-top-column elementor-element elementor-element-fcee1e5\" data-id=\"fcee1e5\" data-element_type=\"column\">\n\t\t\t<div class=\"elementor-widget-wrap elementor-element-populated\">\n\t\t\t\t\t\t<div class=\"elementor-element elementor-element-7a6236a elementor-widget elementor-widget-spacer\" data-id=\"7a6236a\" data-element_type=\"widget\" data-widget_type=\"spacer.default\">\n\t\t\t\t<div class=\"elementor-widget-container\">\n\t\t\t\t\t<div class=\"elementor-spacer\">\n\t\t\t<div class=\"elementor-spacer-inner\"><\/div>\n\t\t<\/div>\n\t\t\t\t<\/div>\n\t\t\t\t<\/div>\n\t\t\t\t\t<\/div>\n\t\t<\/div>\n\t\t\t\t\t<\/div>\n\t\t<\/section>\n\t\t\t\t<\/div>\n\t\t","protected":false},"excerpt":{"rendered":"<p>Tipos de atendimento Psicoterapia Atendimento individual &#8211; presencial ou on-line. \u00c9 um lugar seguro, sigiloso, de acolhimento e intera\u00e7\u00e3o e movimento que possibilita atrav\u00e9s da fala e da escuta o autoconhecimento como ferramenta fundamental para o desenvolvimento de compet\u00eancias pessoais e sociais. Avalia\u00e7\u00e3o neuropsicol\u00f3gica A Avalia\u00e7\u00e3o Neuropsicol\u00f3gica \u00e9 um processo cl\u00ednico que investiga como o &hellip;<\/p>\n<p class=\"read-more\"> <a class=\"\" href=\"https:\/\/ednapregoconsultoriarh.com.br\/\"> <span class=\"screen-reader-text\">Home<\/span> Leia mais &raquo;<\/a><\/p>\n","protected":false},"author":1,"featured_media":0,"parent":0,"menu_order":0,"comment_status":"closed","ping_status":"open","template":"","meta":{"_joinchat":[],"footnotes":""},"class_list":["post-21","page","type-page","status-publish","hentry"],"_links":{"self":[{"href":"https:\/\/ednapregoconsultoriarh.com.br\/index.php?rest_route=\/wp\/v2\/pages\/21","targetHints":{"allow":["GET"]}}],"collection":[{"href":"https:\/\/ednapregoconsultoriarh.com.br\/index.php?rest_route=\/wp\/v2\/pages"}],"about":[{"href":"https:\/\/ednapregoconsultoriarh.com.br\/index.php?rest_route=\/wp\/v2\/types\/page"}],"author":[{"embeddable":true,"href":"https:\/\/ednapregoconsultoriarh.com.br\/index.php?rest_route=\/wp\/v2\/users\/1"}],"replies":[{"embeddable":true,"href":"https:\/\/ednapregoconsultoriarh.com.br\/index.php?rest_route=%2Fwp%2Fv2%2Fcomments&post=21"}],"version-history":[{"count":188,"href":"https:\/\/ednapregoconsultoriarh.com.br\/index.php?rest_route=\/wp\/v2\/pages\/21\/revisions"}],"predecessor-version":[{"id":2068,"href":"https:\/\/ednapregoconsultoriarh.com.br\/index.php?rest_route=\/wp\/v2\/pages\/21\/revisions\/2068"}],"wp:attachment":[{"href":"https:\/\/ednapregoconsultoriarh.com.br\/index.php?rest_route=%2Fwp%2Fv2%2Fmedia&parent=21"}],"curies":[{"name":"wp","href":"https:\/\/api.w.org\/{rel}","templated":true}]}}